reatest common factor of 309679625 and 10.
5
Calculate the greatest common divisor of 984 and 60428.
4
What is the greatest common factor of 2652 and 361348?
52
Calculate the highest common factor of 111 and 16538408.
37
Calculate the highest common factor of 20 and 8772010.
10
What is the highest common divisor of 24121020 and 16240?
140
What is the highest common factor of 58199827 and 18039?
6013
Calculate the highest common factor of 354003 and 1986611.
313
Calculate the greatest common factor of 425688 and 1536.
24
What is the highest common factor of 2688742 and 1204?
14
What is the greatest common factor of 302 and 703763737?
151
What is the greatest common divisor of 562 and 139091?
1
What is the highest common divisor of 1008 and 1521269568?
1008
Calculate the highest common divisor of 6314200 and 11300.
100
Calculate the greatest common factor of 21130450 and 309590.
3730
Calculate the highest common factor of 84 and 125107185.
21
Calculate the highest common factor of 2055463 and 69633.
2579
What is the greatest common divisor of 8091576 and 2592?
648
Calculate the highest common divisor of 56475 and 2173660.
1255
Calculate the greatest common factor of 3880 and 6099845.
485
Calculate the highest common divisor of 265 and 27108440.
265
What is the greatest common divisor of 1242 and 4334373?
207
Calculate the highest common factor of 1917 and 9258471.
639
Calculate the highest common factor of 897 and 683293.
13
Calculate the highest common factor of 15560 and 244988310.
3890
What is the highest common divisor of 6520 and 339799580?
3260
Calculate the greatest common divisor of 103744 and 19886428.
6484
What is the highest common divisor of 458433 and 16200?
27
What is the highest common factor of 23805 and 945599?
23
What is the highest common factor of 43410 and 10830?
30
Calculate the highest common divisor of 34 and 23962673.
17
What is the greatest common divisor of 570895 and 24635?
65
Calculate the highest common factor of 1166121 and 231.
33
What is the highest common divisor of 40 and 851320?
40
What is the highest common factor of 32962683 and 195?
39
What is the highest common divisor of 174864 and 75072?
48
What is the greatest common divisor of 915095335 and 2695?
2695
Calculate the highest common divisor of 785957 and 33158.
281
What is the greatest common factor of 786060 and 352880?
220
Calculate the highest common factor of 1145 and 1755.
5
What is the highest common divisor of 235520 and 84640?
3680
What is the greatest common factor of 13942302 and 66?
66
Calculate the greatest common divisor of 263978 and 4686.
1562
Calculate the highest common divisor of 1140200 and 350.
50
What is the greatest common factor of 1174 and 5683921?
587
Calculate the greatest common factor of 1112136 and 6654936.
3576
What is the highest common factor of 3537 and 5717061?
27
What is the greatest common divisor of 95 and 10139141?
19
Calculate the highest common factor of 13167 and 3531.
33
Calculate the highest common divisor of 1107115 and 253285.
895
Calculate the highest common divisor of 15890383 and 31.
31
Calculate the highest common factor of 444015 and 1899315.
1485
Calculate the highest common factor of 733 and 32729183.
733
What is the highest common divisor of 1485715 and 113273?
227
What is the highest common factor of 769662 and 2430?
162
What is the greatest common divisor of 19 and 3277384309?
19
What is the highest common factor of 1105 and 52750490?
1105
Calculate the highest common factor of 1601 and 1519233728.
1601
What is the highest common factor of 11344 and 2889175?
709
Calculate the greatest common divisor of 1443920 and 368.
16
What is the greatest common divisor of 14125020 and 20160?
420
Calculate the greatest common factor of 7492647 and 876.
219
Calculate the greatest common divisor of 1382702 and 38014.
458
What is the highest common divisor of 469125268 and 68?
68
Calculate the greatest common divisor of 295526 and 5139082.
3838
Calculate the greatest common factor of 417488575 and 14.
7
Calculate the highest common divisor of 207 and 30640509.
9
What is the greatest common factor of 4445 and 135360029?
889
What is the greatest common factor of 287725037 and 17062?
8531
Calculate the greatest common divisor of 177471 and 20898.
81
What is the highest common factor of 13805 and 502?
251
What is the highest common divisor of 189 and 11744880?
21
What is the highest common factor of 1126788 and 3798678?
2418
Calculate the highest common divisor of 1034856 and 150336.
648
What is the greatest common factor of 749 and 457134923?
749
What is the highest common divisor of 242 and 2703866?
242
What is the highest common divisor of 6327 and 17671977?
333
Calculate the highest common factor of 8103650 and 9225.
1025
Calculate the highest common divisor of 1257 and 113263661.
419
What is the highest common divisor of 4 and 20620774?
2
What is the greatest common divisor of 17550 and 675870?
390
Calculate the greatest common divisor of 52312175 and 125.
25
What is the greatest common divisor of 38912003 and 26?
13
Calculate the greatest common factor of 33924 and 804.
12
What is the highest common factor of 339876 and 8712?
36
Calculate the highest common factor of 16026820 and 20.
20
What is the highest common factor of 78 and 8737404?
78
Calculate the highest common factor of 10527 and 4635147.
363
Calculate the highest common factor of 1578 and 6382484.
526
What is the highest common factor of 528655 and 12535?
115
Calculate the highest common factor of 31219667 and 17.
17
What is the highest common factor of 1472 and 491968?
64
What is the greatest common divisor of 4027751 and 245?
49
What is the highest common factor of 577344165 and 95?
95
What is the highest common divisor of 119179314 and 10275?
411
What is the greatest common factor of 74743 and 297149?
1823
Calculate the highest common divisor of 1148184518 and 92.
46
What is the highest common factor of 27740 and 32266?
146
What is the greatest common factor of 153 and 27285?
51
Calculate the greatest common factor of 40 and 18204335.
5
Calculate the highest common divisor of 6701150 and 2400.
50
What is the highest common divisor of 5530485 and 42755?
2515
Calculate the greatest common divisor of 57 and 2392214.
19
What is the highest common factor of 9400 and 832800520?
1880
Calculate the highest common divisor of 14637292 and 368.
92
What is the greatest common divisor of 2555 and 689115?
35
What is the highest common factor of 26787817 and 363272?
3493
Calculate the greatest common divisor of 7032 and 641902056.
7032
Calculate the greatest common divisor of 124364 and 24.
4
Calculate the highest common divisor of 259 and 5640909.
37
What is the highest common divisor of 92 and 498709?
23
What is the highest common divisor of 193814 and 10?
2
What is the highest common divisor of 4230 and 11402670?
1410
What is the greatest common factor of 7329804 and 36?
12
What is the highest common divisor of 41967680 and 160?
160
Calculate the greatest common divisor of 603625 and 48729.
439
What is the greatest common divisor of 573992832 and 72?
24
What is the highest common factor of 9443 and 9885472?
1349
What is the highest common divisor of 280050 and 605550?
150
What is the greatest common factor of 19673 and 3639917?
103
Calculate the highest common divisor of 64 and 178159936.
64
Calculate the highest common divisor of 33345498 and 1005.
201
What is the greatest common factor of 3122 and 3692?
2
What is the highest common factor of 13478 and 1471862?
46
What is the highest common factor of 154551244 and 228?
76
What is the highest common divisor of 4 and 10761484?
4
What is the highest common factor of 1514964 and 42504?
3036
What is the greatest common factor of 9963 and 1508718?
123
Calculate the highest common divisor of 3879544 and 32.
8
What is the highest common divisor of 250 and 7784125?
125
Calculate the highest common factor of 16422 and 16626.
102
Calculate the greatest common factor of 404265 and 135.
15
Calculate the highest common factor of 3645065775 and 75.
75
What is the greatest common divisor of 1344 and 44223488?
64
What is the highest common factor of 1115582 and 22256?
2782
Calculate the highest common divisor of 56 and 6415